 = -4*p - 2*v, -5*v = -5. What is the remainder when p is divided by 75?
68
Let w(q) = 102*q**2 - 2*q + 5. What is the remainder when w(-2) is divided by 18?
3
Let q(i) = i**2 - 5*i + 6. Let j = -43 + 47. Suppose -6*u + j*u = -14. What is the remainder when u is divided by q(4)?
1
Let d(h) = -h**3 - 4*h**2 + 4*h + 6. Let f be d(-4). Let y be (f/(-8))/((-4)/(-16)). Suppose 65 = -0*q + y*q. Calculate the remainder when q is divided by 5.
3
Suppose 4*s - k - 30 = 0, 25 + 21 = 5*s + 3*k. Let z be 3 - (18 + -1 + 3). Let f = -2 - z. What is the remainder when f is divided by s?
7
Suppose 60 = -5*v - 0*v. Calculate the remainder when 57 is divided by 9/v - (-43)/4.
7
Let j(r) be the third derivative of 61*r**4/24 - r**2. Let s = 3396 - 3375. What is the remainder when j(1) is divided by s?
19
Let d(b) = -b + 15. Let k be d(8). Suppose k*g + g - 280 = 0. What is the remainder when g is divided by 19?
16
Let q(n) = n + 4. Let m be q(-4). Suppose -4*j + 3*j + 21 = m. Let y = 12 + -1. What is the remainder when j is divided by y?
10
Let c be (-6)/(-1) + -1*2 + 5. What is the remainder when 72 is divided by -4 + (c - 0) + 10?
12
Let t be (-11)/(-4) + ((-9)/12 - 0). Calculate the remainder when 125 is divided by t/3 + (-2286)/(-54).
39
Let s = 1766 - 1240. What is the remainder when s is divided by 24?
22
Let m(g) = 8*g - 67. Let z be m(9). Suppose z*l = -2*n + 2*l - 1, 3*n = l + 4. What is the remainder when 7 is divided by n?
0
Let p = 629 - 615. What is the remainder when 306 is divided by p?
12
Let r = 89 - 130. Let w = r - -56. What is the remainder when 103 is divided by w?
13
Let f(m) = -6*m - 46. Calculate the remainder when f(-16) is divided by 27.
23
Suppose 8*i + 226 = 330. Calculate the remainder when 360 is divided by i.
9
Let f be -4*((-11)/2 + -2). Suppose f = -2*g + 3*g. Calculate the remainder when 119 is divided by g.
29
Let c = -520 - -713. What is the remainder when c is divided by 31?
7
Suppose -11 = -s - 6. Suppose -x = -3, -s*x + 425 = -g + 6*g. Calculate the remainder when g is divided by 21.
19
Suppose -4*f + 150 = 2*j, 74 = 2*j - 2*f - 46. Suppose 2*k - 48 = -0*k + n, -2*n = -2*k + 50. What is the remainder when j is divided by k?
19
Suppose -f = -2*s - 4 + 2, -5*s - f + 2 = 0. Suppose 1 = o + 2*m, -m - 31 = -0*o - 4*o. Let v = s + o. Calculate the remainder when v is divided by 3.
1
Suppose -2739 = -52*b + 41*b. What is the remainder when b is divided by 36?
33
Let p(a) = -10*a**3 - a**2 + 14*a + 18. Calculate the remainder when p(-2) is divided by 5.
1
Let h = 335 + -325. What is the remainder when 68 is divided by h?
8
Suppose 0 = -b + 3*i + 142 + 7, 4*b = -4*i + 532. What is the remainder when b is divided by 10?
7
Let y = -54 + 60. Suppose 4*z = 2*b - y, 0 = -0*b - b + 5*z - 6. Calculate the remainder when 43 is divided by b.
7
Let l be 6 - 3 - 4 - 3. Let t(r) = -r - 1. Let y be t(l). Suppose 6*k = y*k + 24. What is the remainder when k is divided by 6?
2
Suppose 36*s - 15 = 35*s. Suppose -6*p = -p + 5*g - 230, 5*p - 230 = -3*g. Let c = p - 17. Calculate the remainder when c is divided by s.
14
Let m(q) be the second derivative of -5*q**3/6 - q**2 - 6*q. Let g be m(-1). Suppose 16 = 4*i, 2*s + 7 = 5*i + g. What is the remainder when s is divided by 5?
3
Suppose 0*z - 232 = -3*z - l, 2*z - 168 = 2*l. Let j(b) = -7*b - 8. Calculate the remainder when z is divided by j(-4).
19
Suppose -8 = 2*z, -10*z + 15*z = -3*s + 79. What is the remainder when 100 is divided by s?
1
Suppose -z + 3 = -t, -2*z - 4*t + 18 = -z. Suppose -z*i = -4*i - 26. Let h(s) = -s**2 - 14*s - 17. What is the remainder when i is divided by h(-12)?
6
Let l(h) = -h**2 + 15*h + 4. Let c(b) be the second derivative of b**3/3 - 5*b**2/2 + 11*b. What is the remainder when l(11) is divided by c(15)?
23
Suppose -35 = -294*f + 289*f. Let o = -36 + 61. What is the remainder when o is divided by f?
4
Let a(i) = -i**3 + 6*i**2 + 2*i - 12. Let f be a(6). Suppose f = 3*n + 3, -n + 131 = 4*p - 4*n. Calculate the remainder when p is divided by 7.
4
Suppose -2*j + 380 = j - 2*m, -500 = -4*j + 4*m. Let k = 59 - j. Let w = -40 - k. Calculate the remainder when w is divided by 17.
14
Calculate the remainder when 212 is divided by (-72)/48 - ((-37)/2 - 1).
14
Suppose -3*v - k - 176 = -663, -k = -5*v + 801. What is the remainder when v is divided by 150?
11
What is the remainder when (-17)/(1309/(-42)) + 1490/11 is divided by 59?
18
What is the remainder when 95 is divided by -3 + 1560/28 + (-14)/(-49)?
42
Let j(b) = -80*b + 3. Let y(n) = 3*n**2 - 4*n + 6. Calculate the remainder when j(-1) is divided by y(3).
20
What is the remainder when (151 + 0)/(1 + 0) is divided by 17 + -5*(-8)/20?
18
Let v = 29 + 5. Let i = v + -1. Suppose -d + 615 - 597 = 0. Calculate the remainder when i is divided by d.
15
Suppose 19*a + 70*a = 36223. Calculate the remainder when a is divided by 69.
62
Let b(t) = -3*t + 13. What is the remainder when b(-4) is divided by 3?
1
Calculate the remainder when 6 is divided by (-696)/(-580) + 24/5.
0
Let t(p) = 5*p + 1. Let s be t(2). Suppose -48 = 7*f - s*f. What is the remainder when 57 is divided by f?
9
Let i be 9/6 - (-2)/4. Suppose 28 + 37 = 5*l. Suppose -3*z + i*m = -7*z + 12, -2*m + l = 5*z. Calculate the remainder when 1 is divided by z.
0
Suppose 2*g - 1 + 3 = 0, 2*j + 8 = 2*g. Let k = 7 + j. Calculate the remainder when 6 is divided by k.
0
Suppose 4*x - 4 = 0, -7*p + 2*p + 66 = x. Suppose 336 = 8*n + 6*n. What is the remainder when n is divided by p?
11
Suppose 0 = 8*y - 701 - 635. What is the remainder when y is divided by 76?
15
Let q(c) = c**2 - 5*c - 1. Suppose 3 = 5*u + 3*s - 0, -3*s - 21 = -3*u. Suppose 0*a + u*a = 12. Calculate the remainder when q(7) is divided by a.
1
Let c = 319 + -194. What is the remainder when c is divided by 73?
52
Suppose -5*c + 99 = 6*c. Let f = 26 + c. Calculate the remainder when 102 is divided by f.
32
Let f = 1 - -4. Suppose 33 + 67 = f*r. What is the remainder when 27 is divided by (0 - r)/((-16)/8)?
7
Suppose 3*a = -2*d + 42, 5*a - d - 31 = 39. Let w = 8 - 4. Suppose w*b - 60 = 152. Calculate the remainder when b is divided by a.
11
Suppose -15*p + 961 = 781. What is the remainder when 115 is divided by p?
7
Let b(s) = 8*s**2 + s - 1. Let x be b(1). Suppose -4*f + 36 + x = 0. Calculate the remainder when f is divided by 3.
2
Let k = -31 - -109. Let j(v) = -v**3 + 12*v**2 - 14*v - 14. Let i be j(11). Let b = k + i. Calculate the remainder when b is divided by 17.
14
Let j = 146 + -23. Suppose -j = -152*z + 149*z. Calculate the remainder when 200 is divided by z.
36
Suppose -34 - 96 = -5*i. Let m = -17 + i. Calculate the remainder when 17 is divided by m.
8
Suppose 371 = 4*f + 3*f. Calculate the remainder when f is divided by 11.
9
Let w be (-1947)/55 - (-2)/5. Let v be ((-6)/10)/(7/w). Suppose v*o - 2*x - 59 = 2*x, -5*o + 89 = -2*x. Calculate the remainder when 32 is divided by o.
15
Let l(x) = -7*x. Let w(y) = -y**3 + 4*y**2 - y + 3. Suppose 8 = 2*d - 0*d. Let h be w(d). What is the remainder when 12 is divided by l(h)?
5
Suppose b + 4*b = 240. What is the remainder when 84 is divided by b?
36
Let l(m) = m**2 - 10*m + 11. Let k be l(9). Suppose -8*s - 18 = -k*s. What is the remainder when 27 is divided by 93/9 + s/9?
7
Suppose t = 35 + 34. Suppose -67 = n - t. Calculate the remainder when 16 is divided by n.
0
Suppose i - 33 = -2*z - 0*i, -z + 5*i = 11. Let x be (-46)/z - 6/(-21). What is the remainder when 10*(54/(-5))/x is divided by 13?
10
Suppose 2*b - 7*b + 245 = 0. Let i = 26 - b. Let u = 26 + i. What is the remainder when 9 is divided by u?
0
Suppose -x = -4*k - 6 - 30, 5*x - 3*k - 180 = 0. Calculate the remainder when x is divided by 19.
17
Let a = 18 - 10. Let g be 3/(0 + -3) + 3. Suppose 2*u - 3*w + g = 0, 2*w + 0*w = 2*u - 2. What is the remainder when a is divided by u?
3
Let v(w) = -4*w**2 - 52*w + 33. Calculate the remainder when v(-8) is divided by 44.
17
Calculate the remainder when (-1)/11 + 26562/209 is divided by 67.
60
What is the remainder when 6 is divided by 1*((-96)/(-8) - 8)?
2
Suppose 0 = 2*s - 7*s + 445. What is the remainder when s is divided by 15?
14
Suppose 5*m - 445 = 120. Calculate the remainder when m is divided by 36.
5
Let r = 83 + -41. Suppose 28 = 3*u - 4*y + 2, -r = -4*